 base 4, what is -1322 - -210?
-1112
In base 8, what is -3 + -16?
-21
In base 16, what is 4 + 132?
136
In base 12, what is -3 - -268?
265
In base 13, what is 1 + 42?
43
In base 14, what is 1 + 167a?
167b
In base 14, what is -4 - db?
-101
In base 15, what is -274 + 13?
-261
In base 8, what is 73 - 4?
67
In base 13, what is -c3 + 4?
-bc
In base 8, what is 15 - 5?
10
In base 14, what is 5 - -81?
86
In base 7, what is 5 + -305?
-300
In base 3, what is 11 - 1102?
-1021
In base 6, what is 11151 - -4?
11155
In base 2, what is 1010 - 10011111100?
-10011110010
In base 8, what is -12 - 32?
-44
In base 6, what is -1 + -1110?
-1111
In base 13, what is -52 + 1?
-51
In base 12, what is 32a - -6?
334
In base 11, what is -767 - 0?
-767
In base 14, what is -2 + -38?
-3a
In base 6, what is -5 - -3455?
3450
In base 5, what is -1120 - -4?
-1111
In base 7, what is 2 - -1424?
1426
In base 8, what is -1 - 505?
-506
In base 5, what is 1 + -32401?
-32400
In base 12, what is -1 - 19b?
-1a0
In base 9, what is -4 - 14?
-18
In base 7, what is -2 - 141?
-143
In base 3, what is 1100 - 12?
1011
In base 6, what is 10002 + -1?
10001
In base 7, what is 4 - 2361?
-2354
In base 7, what is 40 + 6?
46
In base 13, what is 11b5 - -a?
11c2
In base 7, what is -3 - -14460?
14454
In base 8, what is 124 + -61?
43
In base 16, what is -17c + f?
-16d
In base 4, what is 211 - -10?
221
In base 5, what is -3013024 - 0?
-3013024
In base 15, what is 46 - 2?
44
In base 4, what is 1 - 100111?
-100110
In base 9, what is 0 - 1680?
-1680
In base 15, what is 2 + -411?
-40e
In base 8, what is -1700 - -3?
-1675
In base 8, what is -3 + 12264?
12261
In base 13, what is 119 + -a?
10c
In base 10, what is -5 + 105?
100
In base 13, what is 4 + -43?
-3c
In base 11, what is 1 - 335?
-334
In base 4, what is -2 + -1220?
-1222
In base 6, what is -24135 + 1?
-24134
In base 16, what is 1 + -d?
-c
In base 12, what is -1 + 742?
741
In base 7, what is -40126 + -2?
-40131
In base 4, what is 1322000 - 2?
1321332
In base 8, what is -1014 - 4?
-1020
In base 8, what is 0 + -2407?
-2407
In base 13, what is 71 + -4?
6a
In base 2, what is 100011 + 101?
101000
In base 9, what is 246 + 1?
247
In base 15, what is -1 + 134?
133
In base 15, what is -7 - -3?
-4
In base 11, what is -607 + -2?
-609
In base 16, what is 1 + -36?
-35
In base 13, what is 7 + 11?
18
In base 9, what is -1 - 42?
-43
In base 5, what is -2114 + 10?
-2104
In base 9, what is 4 - -808?
813
In base 13, what is -2 - -58?
56
In base 10, what is 4 - 155?
-151
In base 12, what is 2 + 471?
473
In base 2, what is 100 + -111001?
-110101
In base 14, what is -8 + 53?
49
In base 5, what is -3 - 1?
-4
In base 7, what is 12 - -2151?
2163
In base 2, what is -1 + -111110?
-111111
In base 11, what is 134 + 42?
176
In base 4, what is 13 - 120?
-101
In base 6, what is -4 + -140?
-144
In base 3, what is -1000 + -1?
-1001
In base 3, what is -211202 + 0?
-211202
In base 10, what is 0 - -167?
167
In base 8, what is -1420 - -10?
-1410
In base 11, what is 5 + -8?
-3
In base 8, what is -4 + 5?
1
In base 16, what is 62d - 4?
629
In base 15, what is e + -10?
-1
In base 11, what is 459 + 5?
463
In base 2, what is 10000101 + -100011?
1100010
In base 12, what is 21ab - 1?
21aa
In base 16, what is 3 - 1c?
-19
In base 12, what is -58 - 4?
-60
In base 3, what is -1002111 + 1020?
-1001021
In base 12, what is -385 + -10?
-395
In base 15, what is 1 + -109?
-108
In base 8, what is 62 + -50?
12
In base 5, what is 0 - 124?
-124
In base 15, what is 2 - -395?
397
In base 4, what is 132 - -2?
200
In base 8, what is -3 + 114?
111
In base 13, what is -14a - 22?
-16c
In base 15, what is -399 - -3?
-396
In base 11, what is -5 - -889?
884
In base 7, what is 13345 + 1?
13346
In base 11, what is 629 - 5?
624
In base 9, what is 7 + 146?
154
In base 8, what is 6737 + 5?
6744
In base 2, what is -11 - -100011000?
100010101
In base 9, what is -8315 - -3?
-8312
In base 8, what is 177 + -2?
175
In base 12, what is -5b - 1?
-60
In base 12, what is 48 - -1?
49
In base 2, what is 111 + 110011?
111010
In base 15, what is -59a5 - 3?
-59a8
In base 3, what is -101 + 21012?
20211
In base 14, what is -25 - -6?
-1d
In base 7, what is -12 + 1136?
1124
In base 15, what is -1 - -48?
47
In base 6, what is -10402 - 12?
-10414
In base 3, what is 100021 + -12?
100002
In base 9, what is -336 - -4?
-332
In base 6, what is 3025 + 4?
3033
In base 2, what is -11110011 + 1110?
-11100101
In base 15, what is -70a - 1?
-70b
In base 5, what is 1102 - -102?
1204
In base 9, what is -2 + 0?
-2
In base 2, what is 11100010001 - 1011?
11100000110
In base 6, what is 3 - -20325?
20332
In base 12, what is 1 + 44?
45
In base 16, what is -3 + 26?
23
In base 16, what is 0 + -190?
-190
In base 11, what is 2 + 209?
210
In base 9, what is -13 + -273?
-286
In base 10, what is 7 - 1966?
-1959
In base 6, what is -320 - 50?
-410
In base 11, what is 79 + 3?
81
In base 13, what is 4 - 858?
-854
In base 9, what is -565 + -5?
-571
In base 15, what is -1 + 21?
20
In base 9, what is -11 + -171?
-182
In base 3, what is -21012120 + 1?
-21012112
In base 12, what is -10 + 1078?
1068
In base 10, what is -34 + -28?
-62
In base 6, what is 3 + 3521?
3524
In base 14, what is -47c + 8?
-474
In base 14, what is 227 - -3?
22a
In base 5, what is 200 + 40?
240
In base 3, what is -10 + -21?
-101
In base 15, what is 163 - 5?
15d
In base 5, what is -2024 + 11?
-2013
In base 14, what is a + -5?
5
In base 8, what is -522 - 4?
-526
In base 4, what is 2 - -332?
1000
In base 2, what is 10110 - -101?
11011
In base 10, what is -74 + 3?
-71
In base 2, what is 10 + -10000?
-1110
In base 5, what is -3 - -1031?
1023
In base 14, what is 1 - -9a?
9b
In base 14, what is 58 + -2?
56
In base 10, what is -7 + 21?
14
In base 2, what is -101 + 10010000?
10001011
In base 13, what is 7 - 3c3?
-3b9
In base 13, what is -a + -80?
-8a
In base 2, what is 10 + 10111101?
10111111
In base 9, what is 5 - -452?
457
In base 4, what is 1 + 1032?
1033
In base 6, what is 22 + 50?
112
In base 15, what is 3 - 596?
-593
In base 2, what is 110 + -1001?
-11
In base 2, what is -1011 - 11100?
-100111
In base 7, what is 2 + -212?
-210
In base 8, what is 10 + 443?
453
In base 3, what is 1 + 1010211?
1010212
In base 9, what is 3147 + -1?
3146
In base 8, what is 25 - 5?
20
In base 12, what is -5 - -1116?
1111
In base 13, what is 5 - ca?
-c5
In base 7, what is -4 + -33?
-40
In base 4, what is 10 + 2000?
2010
In base 3, what is -1100200 + 12?
-1100111
In base 6, what is 0 - 422?
-422
In base 9, what is -46 + 4?
-42
In base 3, what is 120101 - 0?
120101
In base 8, what is -3 + -223?
-226
In base 11, what is 21 - 1324?
-1303
In base 8, what is -1 + -17?
-20
In base 11, what is 294 + -31?
263
In base 16, what is -71 + 4b?
-26
In base 13, what is -5 + -1761?
-1766
In base 15, what is 5 - 812?
-80c
In base 6, what is -1301 - -3?
-1254
In base 14, what is -4 + 16ad?
16a9
In base 15, what is 1 - -39?
3a
In base 3, what is -1122 - -1211?
12
In base 7, what is 140 + 24?
164
In base 3, what is 1 - -201101?
201102
In base 16, what is 8 + -1?
7
In base 6, what is -2320 - 44?
-2404
In base 15, what is -48b - -5?
-486
In base 14, what is 149 - -4?
14d
In base 16, what is f4 - 1?
f3
In base 3, what is -2 + 2002?
2000
In base 6, what is -34 - -2?
-32
In base 4, what is 1013023 + -1?
1013022
In base 16, what is -2b + -1?
-2c
In base 2, what is 100101011 + 1101?
100111000
In base 6, what is 0 - 12543?
-12543
In base 12, what is -23 + -38?
-5b
In base 6, what is -34 - 2410?
-2444
In base 12, what is a - 999?
-98b
In base 6, what is 112454 - -1?
112455
In base 13, what is -7 - -6a?
63
In base 11, what is -5 - a16?
-a20
In base 8, what is 7 - -532?
541
In base 10, what is 2 - 491?
-489
In base 2, what is 100 - 1111001?
-1110101
In base 9, what is 5 + -126?
-121
In base 12, what is 358 - -3?
35b
In base 2, what is -100 + -111101101011?
-111101101111
In base 12, what is 18 - 1b?
-3
In base 12, what is -37 - 7b?
-b6
In base 5, what is -20 - -120?
100
In base 9, what is -4 + 2650?
2645
In base 12, what is 2150 - 0?
2150
In base 16, what is 1e1f + -5?
1e1a
In base 6, what is 11 - 1154?
-1143
In base 8, what is -54550 - 3?
-54553
In base 2, what is -101 - -11011101101?
11011101000
In base 14, what is -27 - 1?
-28
In base 9, what is -1530 - -2?
-1527
In ba